{"id":6749,"date":"2025-12-10T16:54:34","date_gmt":"2025-12-10T15:54:34","guid":{"rendered":"https:\/\/www.campusdescriptura.com\/curs\/cursp-iniciacio-a-la-poesia\/"},"modified":"2026-04-29T16:32:04","modified_gmt":"2026-04-29T14:32:04","slug":"cursp-iniciacio-a-la-poesia","status":"publish","type":"curs","link":"https:\/\/www.campusdescriptura.com\/es\/curso\/cursp-iniciacio-a-la-poesia\/","title":{"rendered":"Cursp Iniciaci\u00f3 a la poesia"},"content":{"rendered":"\n<p><\/p>\n\n<p>La escritura po\u00e9tica trasciende la mera expresi\u00f3n emocional para convertirse en una disciplina rigurosa del pensamiento y de la forma. Este curso de iniciaci\u00f3n propone un itinerario formativo por las bases constitutivas del poema y est\u00e1 dirigido a aquellas personas que quieren transformar la pulsi\u00f3n creativa en un ejercicio literario consciente, estructurado y articulado. <\/p>\n\n<p>El objetivo central es dotar al alumnado de las herramientas de an\u00e1lisis necesarias para comprender el hecho po\u00e9tico desde su g\u00e9nesis, vinculando la intuici\u00f3n con el dominio del oficio. A lo largo del programa profundizaremos en el estudio de la estructura formal, donde el ritmo, la cadencia y la configuraci\u00f3n sint\u00e1ctica act\u00faan como veh\u00edculos esenciales de sentido. <\/p>\n\n<p>Complementaremos este an\u00e1lisis con el trabajo sobre la g\u00e9nesis conceptual, explorando los procesos de asociaci\u00f3n de ideas y la construcci\u00f3n de un punto de vista singular. Mediante la lectura cr\u00edtica y el ejercicio de la producci\u00f3n propia, estimularemos tanto la sensibilidad ling\u00fc\u00edstica como la capacidad de evaluar textos ajenos con rigor.  <\/p>\n\n<p><\/p>\n","protected":false},"featured_media":6733,"menu_order":35,"template":"","format":[186],"meta":{"_acf_changed":false,"inline_featured_image":false,"_uag_custom_page_level_css":""},"dia":[184],"duracio":[243],"idioma-exercicis":[188,189],"idioma":[199],"mapa-de-curs":[200],"tematica":[202],"area":[183],"class_list":["post-6749","curs","type-curs","status-publish","has-post-thumbnail","hentry","dia-miercoles","duracio-curso-intensivo-de-verano-2","format-dual","idioma-exercicis-catalan","idioma-exercicis-castellano","idioma-catalan","mapa-de-curs-verano","tematica-ambito-poesia","area-escritura"],"acf":[],"yoast_head":"<!-- This site is optimized with the Yoast SEO plugin v27.0 - https:\/\/yoast.com\/product\/yoast-seo-wordpress\/ -->\n<title>Escola d&#039;Escriptura de Ateneu Barcelon\u00e8s<\/title>\n<meta name=\"robots\" content=\"index, follow, max-snippet:-1, max-image-preview:large, max-video-preview:-1\" \/>\n<link rel=\"canonical\" href=\"\/\" \/>\n<meta property=\"og:locale\" content=\"es_ES\" \/>\n<meta property=\"og:type\" content=\"article\" \/>\n<meta property=\"og:site_name\" content=\"Escola d&#039;Escriptura de Ateneu Barcelon\u00e8s\" \/>\n<meta name=\"twitter:card\" content=\"summary_large_image\" \/>\n<script type=\"application\/ld+json\" class=\"yoast-schema-graph\">{\"@context\":\"https:\/\/schema.org\",\"@graph\":[{\"@type\":\"CollectionPage\",\"@id\":null,\"url\":\"\",\"name\":\"\",\"isPartOf\":{\"@id\":\"https:\/\/www.campusdescriptura.com\/es\/#website\"},\"breadcrumb\":{\"@id\":\"#breadcrumb\"},\"inLanguage\":\"es\"},{\"@type\":\"BreadcrumbList\",\"@id\":\"#breadcrumb\",\"itemListElement\":[{\"@type\":\"ListItem\",\"position\":1,\"name\":\"Inici\",\"item\":\"https:\/\/www.campusdescriptura.com\/es\/\"},{\"@type\":\"ListItem\",\"position\":2,\"name\":\"Cursos\",\"item\":\"https:\/\/www.campusdescriptura.com\/cursos\/\"}]},{\"@type\":\"WebSite\",\"@id\":\"https:\/\/www.campusdescriptura.com\/es\/#website\",\"url\":\"https:\/\/www.campusdescriptura.com\/es\/\",\"name\":\"Escola d'escriptura\",\"description\":\"Comen\u00e7a la teva hist\u00f2ria\",\"potentialAction\":[{\"@type\":\"SearchAction\",\"target\":{\"@type\":\"EntryPoint\",\"urlTemplate\":\"https:\/\/www.campusdescriptura.com\/es\/?s={search_term_string}\"},\"query-input\":{\"@type\":\"PropertyValueSpecification\",\"valueRequired\":true,\"valueName\":\"search_term_string\"}}],\"inLanguage\":\"es\"}]}<\/script>\n<!-- \/ Yoast SEO plugin. -->","yoast_head_json":{"title":"Escola d&#039;Escriptura de Ateneu Barcelon\u00e8s","robots":{"index":"index","follow":"follow","max-snippet":"max-snippet:-1","max-image-preview":"max-image-preview:large","max-video-preview":"max-video-preview:-1"},"canonical":"\/","og_locale":"es_ES","og_type":"article","og_site_name":"Escola d&#039;Escriptura de Ateneu Barcelon\u00e8s","twitter_card":"summary_large_image","schema":{"@context":"https:\/\/schema.org","@graph":[{"@type":"CollectionPage","@id":null,"url":"","name":"","isPartOf":{"@id":"https:\/\/www.campusdescriptura.com\/es\/#website"},"breadcrumb":{"@id":"#breadcrumb"},"inLanguage":"es"},{"@type":"BreadcrumbList","@id":"#breadcrumb","itemListElement":[{"@type":"ListItem","position":1,"name":"Inici","item":"https:\/\/www.campusdescriptura.com\/es\/"},{"@type":"ListItem","position":2,"name":"Cursos","item":"https:\/\/www.campusdescriptura.com\/cursos\/"}]},{"@type":"WebSite","@id":"https:\/\/www.campusdescriptura.com\/es\/#website","url":"https:\/\/www.campusdescriptura.com\/es\/","name":"Escola d'escriptura","description":"Comen\u00e7a la teva hist\u00f2ria","potentialAction":[{"@type":"SearchAction","target":{"@type":"EntryPoint","urlTemplate":"https:\/\/www.campusdescriptura.com\/es\/?s={search_term_string}"},"query-input":{"@type":"PropertyValueSpecification","valueRequired":true,"valueName":"search_term_string"}}],"inLanguage":"es"}]}},"uagb_featured_image_src":{"full":["https:\/\/www.campusdescriptura.com\/wp-content\/uploads\/2026\/04\/Iniciacio-a-la-poesia.webp",1024,687,false],"thumbnail":["https:\/\/www.campusdescriptura.com\/wp-content\/uploads\/2026\/04\/Iniciacio-a-la-poesia-150x150.webp",150,150,true],"medium":["https:\/\/www.campusdescriptura.com\/wp-content\/uploads\/2026\/04\/Iniciacio-a-la-poesia-300x201.webp",300,201,true],"medium_large":["https:\/\/www.campusdescriptura.com\/wp-content\/uploads\/2026\/04\/Iniciacio-a-la-poesia-768x515.webp",768,515,true],"large":["https:\/\/www.campusdescriptura.com\/wp-content\/uploads\/2026\/04\/Iniciacio-a-la-poesia.webp",960,644,false],"1536x1536":["https:\/\/www.campusdescriptura.com\/wp-content\/uploads\/2026\/04\/Iniciacio-a-la-poesia.webp",1024,687,false],"2048x2048":["https:\/\/www.campusdescriptura.com\/wp-content\/uploads\/2026\/04\/Iniciacio-a-la-poesia.webp",1024,687,false],"gform-image-choice-sm":["https:\/\/www.campusdescriptura.com\/wp-content\/uploads\/2026\/04\/Iniciacio-a-la-poesia.webp",300,201,false],"gform-image-choice-md":["https:\/\/www.campusdescriptura.com\/wp-content\/uploads\/2026\/04\/Iniciacio-a-la-poesia.webp",400,268,false],"gform-image-choice-lg":["https:\/\/www.campusdescriptura.com\/wp-content\/uploads\/2026\/04\/Iniciacio-a-la-poesia.webp",600,403,false],"woocommerce_thumbnail":["https:\/\/www.campusdescriptura.com\/wp-content\/uploads\/2026\/04\/Iniciacio-a-la-poesia-300x300.webp",300,300,true],"woocommerce_single":["https:\/\/www.campusdescriptura.com\/wp-content\/uploads\/2026\/04\/Iniciacio-a-la-poesia-600x403.webp",600,403,true],"woocommerce_gallery_thumbnail":["https:\/\/www.campusdescriptura.com\/wp-content\/uploads\/2026\/04\/Iniciacio-a-la-poesia-100x100.webp",100,100,true]},"uagb_author_info":{"display_name":"Equipo de redacci\u00f3n","author_link":"https:\/\/www.campusdescriptura.com\/es\/author\/"},"uagb_comment_info":0,"uagb_excerpt":"La escritura po\u00e9tica trasciende la mera expresi\u00f3n emocional para convertirse en una disciplina rigurosa del pensamiento y de la forma. Este curso de iniciaci\u00f3n propone un itinerario formativo por las bases constitutivas del poema y est\u00e1 dirigido a aquellas personas que quieren transformar la pulsi\u00f3n creativa en un ejercicio literario consciente, estructurado y articulado. El&hellip;","_links":{"self":[{"href":"https:\/\/www.campusdescriptura.com\/es\/wp-json\/wp\/v2\/curs\/6749"}],"collection":[{"href":"https:\/\/www.campusdescriptura.com\/es\/wp-json\/wp\/v2\/curs"}],"about":[{"href":"https:\/\/www.campusdescriptura.com\/es\/wp-json\/wp\/v2\/types\/curs"}],"wp:featuredmedia":[{"embeddable":true,"href":"https:\/\/www.campusdescriptura.com\/es\/wp-json\/wp\/v2\/media\/6733"}],"wp:attachment":[{"href":"https:\/\/www.campusdescriptura.com\/es\/wp-json\/wp\/v2\/media?parent=6749"}],"wp:term":[{"taxonomy":"dia","embeddable":true,"href":"https:\/\/www.campusdescriptura.com\/es\/wp-json\/wp\/v2\/dia?post=6749"},{"taxonomy":"duracio","embeddable":true,"href":"https:\/\/www.campusdescriptura.com\/es\/wp-json\/wp\/v2\/duracio?post=6749"},{"taxonomy":"format","embeddable":true,"href":"https:\/\/www.campusdescriptura.com\/es\/wp-json\/wp\/v2\/format?post=6749"},{"taxonomy":"idioma-exercicis","embeddable":true,"href":"https:\/\/www.campusdescriptura.com\/es\/wp-json\/wp\/v2\/idioma-exercicis?post=6749"},{"taxonomy":"idioma","embeddable":true,"href":"https:\/\/www.campusdescriptura.com\/es\/wp-json\/wp\/v2\/idioma?post=6749"},{"taxonomy":"mapa-de-curs","embeddable":true,"href":"https:\/\/www.campusdescriptura.com\/es\/wp-json\/wp\/v2\/mapa-de-curs?post=6749"},{"taxonomy":"tematica","embeddable":true,"href":"https:\/\/www.campusdescriptura.com\/es\/wp-json\/wp\/v2\/tematica?post=6749"},{"taxonomy":"area","embeddable":true,"href":"https:\/\/www.campusdescriptura.com\/es\/wp-json\/wp\/v2\/area?post=6749"}],"curies":[{"name":"wp","href":"https:\/\/api.w.org\/{rel}","templated":true}]}}

Cursp Iniciació a la poesia

<p></p>

<p>La escritura poética trasciende la mera expresión emocional para convertirse en una disciplina rigurosa del pensamiento y de la forma. Este curso de iniciación propone un itinerario formativo por las bases constitutivas del poema y está dirigido a aquellas personas que quieren transformar la pulsión creativa en un ejercicio literario consciente, estructurado y articulado. </p>

<p>El objetivo central es dotar al alumnado de las herramientas de análisis necesarias para comprender el hecho poético desde su génesis, vinculando la intuición con el dominio del oficio. A lo largo del programa profundizaremos en el estudio de la estructura formal, donde el ritmo, la cadencia y la configuración sintáctica actúan como vehículos esenciales de sentido. </p>

<p>Complementaremos este análisis con el trabajo sobre la génesis conceptual, explorando los procesos de asociación de ideas y la construcción de un punto de vista singular. Mediante la lectura crítica y el ejercicio de la producción propia, estimularemos tanto la sensibilidad lingüística como la capacidad de evaluar textos ajenos con rigor.  </p>

<p></p>

<!-- This site is optimized with the Yoast SEO plugin v27.0 - https://yoast.com/product/yoast-seo-wordpress/ -->
<title>Escola d&#039;Escriptura de Ateneu Barcelonès</title>
<meta name="robots" content="index, follow, max-snippet:-1, max-image-preview:large, max-video-preview:-1" />
<link rel="canonical" href="/" />
<meta property="og:locale" content="es_ES" />
<meta property="og:type" content="article" />
<meta property="og:site_name" content="Escola d&#039;Escriptura de Ateneu Barcelonès" />
<meta name="twitter:card" content="summary_large_image" />
<script type="application/ld+json" class="yoast-schema-graph">{"@context":"https://schema.org","@graph":[{"@type":"CollectionPage","@id":null,"url":"","name":"","isPartOf":{"@id":"https://www.campusdescriptura.com/es/#website"},"breadcrumb":{"@id":"#breadcrumb"},"inLanguage":"es"},{"@type":"BreadcrumbList","@id":"#breadcrumb","itemListElement":[{"@type":"ListItem","position":1,"name":"Inici","item":"https://www.campusdescriptura.com/es/"},{"@type":"ListItem","position":2,"name":"Cursos","item":"https://www.campusdescriptura.com/cursos/"}]},{"@type":"WebSite","@id":"https://www.campusdescriptura.com/es/#website","url":"https://www.campusdescriptura.com/es/","name":"Escola d'escriptura","description":"Comença la teva història","potentialAction":[{"@type":"SearchAction","target":{"@type":"EntryPoint","urlTemplate":"https://www.campusdescriptura.com/es/?s={search_term_string}"},"query-input":{"@type":"PropertyValueSpecification","valueRequired":true,"valueName":"search_term_string"}}],"inLanguage":"es"}]}</script>
<!-- / Yoast SEO plugin. -->

Escola d&#039;Escriptura de Ateneu Barcelonès

Comença la teva història

Equipo de redacción

La escritura poética trasciende la mera expresión emocional para convertirse en una disciplina rigurosa del pensamiento y de la forma. Este curso de iniciación propone un itinerario formativo por las bases constitutivas del poema y está dirigido a aquellas personas que quieren transformar la pulsión creativa en un ejercicio literario consciente, estructurado y articulado. El&hellip;
