{"id":6725,"date":"2026-04-20T12:40:54","date_gmt":"2026-04-20T10:40:54","guid":{"rendered":"https:\/\/www.campusdescriptura.com\/curs\/curso-lux-poesia-mistica-y-neomistica-de-santa-teresa-de-jesus-a-rosalia\/"},"modified":"2026-04-29T14:16:20","modified_gmt":"2026-04-29T12:16:20","slug":"curso-lux-poesia-mistica-y-neomistica-de-santa-teresa-de-jesus-a-rosalia","status":"publish","type":"curs","link":"https:\/\/www.campusdescriptura.com\/es\/curso\/curso-lux-poesia-mistica-y-neomistica-de-santa-teresa-de-jesus-a-rosalia\/","title":{"rendered":"Curso Lux: poes\u00eda m\u00edstica y neom\u00edstica. De Santa Teresa de Jes\u00fas a Rosal\u00eda"},"content":{"rendered":"\n<p><strong>El verso como iluminaci\u00f3n<\/strong><\/p>\n\n<p>La poes\u00eda m\u00edstica se ha consolidado como un territorio donde palabra y experiencia espiritual se funden, un espacio en el que el lenguaje se convierte en veh\u00edculo de trascendencia y autoconocimiento. Este curso propone una exploraci\u00f3n de la l\u00edrica m\u00edstica y neom\u00edstica desde sus ra\u00edces cl\u00e1sicas hasta sus expresiones contempor\u00e1neas, entendiendo el poema como puente entre la emoci\u00f3n, la meditaci\u00f3n y la b\u00fasqueda de sentido. A partir de la lectura de referentes esenciales, desde Santa Teresa de Jes\u00fas a Rosal\u00eda, pasando por Gloria Gervitz, Jos\u00e9 \u00c1ngel Valente o Ernesto Cardenal, analizaremos los recursos expresivos y simb\u00f3licos que permiten construir una voz po\u00e9tica capaz de comunicar intensidad espiritual y emocional.  <\/p>\n\n<p>El curso pondr\u00e1 especial \u00e9nfasis en la interconexi\u00f3n entre tradici\u00f3n y contemporaneidad, explorando c\u00f3mo la m\u00edstica cl\u00e1sica dialoga con la subjetividad moderna, con la m\u00fasica, la performance y la poes\u00eda conceptual o visual. Se revisar\u00e1n autores de distintas \u00e9pocas y latitudes, incluyendo figuras del barroco espa\u00f1ol, la poes\u00eda latinoamericana contempor\u00e1nea y voces del \u00e1mbito neom\u00edstico europeo. <\/p>\n","protected":false},"featured_media":6724,"menu_order":0,"template":"","format":[186],"meta":{"_acf_changed":false,"inline_featured_image":false,"_uag_custom_page_level_css":""},"dia":[201,205],"duracio":[243],"idioma-exercicis":[189],"idioma":[187],"mapa-de-curs":[200],"tematica":[202,244],"area":[203],"class_list":["post-6725","curs","type-curs","status-publish","has-post-thumbnail","hentry","dia-martes","dia-jueves","duracio-curso-intensivo-de-verano-2","format-dual","idioma-exercicis-castellano","idioma-castellano","mapa-de-curs-verano","tematica-ambito-poesia","tematica-altres-cursos-poesia","area-literatura-y-humanidades"],"acf":[],"yoast_head":"<!-- This site is optimized with the Yoast SEO plugin v27.0 - https:\/\/yoast.com\/product\/yoast-seo-wordpress\/ -->\n<title>Escola d&#039;Escriptura de Ateneu Barcelon\u00e8s<\/title>\n<meta name=\"robots\" content=\"index, follow, max-snippet:-1, max-image-preview:large, max-video-preview:-1\" \/>\n<link rel=\"canonical\" href=\"\/\" \/>\n<meta property=\"og:locale\" content=\"es_ES\" \/>\n<meta property=\"og:type\" content=\"article\" \/>\n<meta property=\"og:site_name\" content=\"Escola d&#039;Escriptura de Ateneu Barcelon\u00e8s\" \/>\n<meta name=\"twitter:card\" content=\"summary_large_image\" \/>\n<script type=\"application\/ld+json\" class=\"yoast-schema-graph\">{\"@context\":\"https:\/\/schema.org\",\"@graph\":[{\"@type\":\"CollectionPage\",\"@id\":null,\"url\":\"\",\"name\":\"\",\"isPartOf\":{\"@id\":\"https:\/\/www.campusdescriptura.com\/es\/#website\"},\"breadcrumb\":{\"@id\":\"#breadcrumb\"},\"inLanguage\":\"es\"},{\"@type\":\"BreadcrumbList\",\"@id\":\"#breadcrumb\",\"itemListElement\":[{\"@type\":\"ListItem\",\"position\":1,\"name\":\"Inici\",\"item\":\"https:\/\/www.campusdescriptura.com\/es\/\"},{\"@type\":\"ListItem\",\"position\":2,\"name\":\"Cursos\",\"item\":\"https:\/\/www.campusdescriptura.com\/cursos\/\"}]},{\"@type\":\"WebSite\",\"@id\":\"https:\/\/www.campusdescriptura.com\/es\/#website\",\"url\":\"https:\/\/www.campusdescriptura.com\/es\/\",\"name\":\"Escola d'escriptura\",\"description\":\"Comen\u00e7a la teva hist\u00f2ria\",\"potentialAction\":[{\"@type\":\"SearchAction\",\"target\":{\"@type\":\"EntryPoint\",\"urlTemplate\":\"https:\/\/www.campusdescriptura.com\/es\/?s={search_term_string}\"},\"query-input\":{\"@type\":\"PropertyValueSpecification\",\"valueRequired\":true,\"valueName\":\"search_term_string\"}}],\"inLanguage\":\"es\"}]}<\/script>\n<!-- \/ Yoast SEO plugin. -->","yoast_head_json":{"title":"Escola d&#039;Escriptura de Ateneu Barcelon\u00e8s","robots":{"index":"index","follow":"follow","max-snippet":"max-snippet:-1","max-image-preview":"max-image-preview:large","max-video-preview":"max-video-preview:-1"},"canonical":"\/","og_locale":"es_ES","og_type":"article","og_site_name":"Escola d&#039;Escriptura de Ateneu Barcelon\u00e8s","twitter_card":"summary_large_image","schema":{"@context":"https:\/\/schema.org","@graph":[{"@type":"CollectionPage","@id":null,"url":"","name":"","isPartOf":{"@id":"https:\/\/www.campusdescriptura.com\/es\/#website"},"breadcrumb":{"@id":"#breadcrumb"},"inLanguage":"es"},{"@type":"BreadcrumbList","@id":"#breadcrumb","itemListElement":[{"@type":"ListItem","position":1,"name":"Inici","item":"https:\/\/www.campusdescriptura.com\/es\/"},{"@type":"ListItem","position":2,"name":"Cursos","item":"https:\/\/www.campusdescriptura.com\/cursos\/"}]},{"@type":"WebSite","@id":"https:\/\/www.campusdescriptura.com\/es\/#website","url":"https:\/\/www.campusdescriptura.com\/es\/","name":"Escola d'escriptura","description":"Comen\u00e7a la teva hist\u00f2ria","potentialAction":[{"@type":"SearchAction","target":{"@type":"EntryPoint","urlTemplate":"https:\/\/www.campusdescriptura.com\/es\/?s={search_term_string}"},"query-input":{"@type":"PropertyValueSpecification","valueRequired":true,"valueName":"search_term_string"}}],"inLanguage":"es"}]}},"uagb_featured_image_src":{"full":["https:\/\/www.campusdescriptura.com\/wp-content\/uploads\/2026\/04\/Lux_-poesia-mistica-y-neomistica-2.webp",1024,687,false],"thumbnail":["https:\/\/www.campusdescriptura.com\/wp-content\/uploads\/2026\/04\/Lux_-poesia-mistica-y-neomistica-2-150x150.webp",150,150,true],"medium":["https:\/\/www.campusdescriptura.com\/wp-content\/uploads\/2026\/04\/Lux_-poesia-mistica-y-neomistica-2-300x201.webp",300,201,true],"medium_large":["https:\/\/www.campusdescriptura.com\/wp-content\/uploads\/2026\/04\/Lux_-poesia-mistica-y-neomistica-2-768x515.webp",768,515,true],"large":["https:\/\/www.campusdescriptura.com\/wp-content\/uploads\/2026\/04\/Lux_-poesia-mistica-y-neomistica-2.webp",960,644,false],"1536x1536":["https:\/\/www.campusdescriptura.com\/wp-content\/uploads\/2026\/04\/Lux_-poesia-mistica-y-neomistica-2.webp",1024,687,false],"2048x2048":["https:\/\/www.campusdescriptura.com\/wp-content\/uploads\/2026\/04\/Lux_-poesia-mistica-y-neomistica-2.webp",1024,687,false],"gform-image-choice-sm":["https:\/\/www.campusdescriptura.com\/wp-content\/uploads\/2026\/04\/Lux_-poesia-mistica-y-neomistica-2.webp",300,201,false],"gform-image-choice-md":["https:\/\/www.campusdescriptura.com\/wp-content\/uploads\/2026\/04\/Lux_-poesia-mistica-y-neomistica-2.webp",400,268,false],"gform-image-choice-lg":["https:\/\/www.campusdescriptura.com\/wp-content\/uploads\/2026\/04\/Lux_-poesia-mistica-y-neomistica-2.webp",600,403,false],"woocommerce_thumbnail":["https:\/\/www.campusdescriptura.com\/wp-content\/uploads\/2026\/04\/Lux_-poesia-mistica-y-neomistica-2-300x300.webp",300,300,true],"woocommerce_single":["https:\/\/www.campusdescriptura.com\/wp-content\/uploads\/2026\/04\/Lux_-poesia-mistica-y-neomistica-2-600x403.webp",600,403,true],"woocommerce_gallery_thumbnail":["https:\/\/www.campusdescriptura.com\/wp-content\/uploads\/2026\/04\/Lux_-poesia-mistica-y-neomistica-2-100x100.webp",100,100,true]},"uagb_author_info":{"display_name":"Equipo de redacci\u00f3n","author_link":"https:\/\/www.campusdescriptura.com\/es\/author\/"},"uagb_comment_info":0,"uagb_excerpt":"El verso como iluminaci\u00f3n La poes\u00eda m\u00edstica se ha consolidado como un territorio donde palabra y experiencia espiritual se funden, un espacio en el que el lenguaje se convierte en veh\u00edculo de trascendencia y autoconocimiento. Este curso propone una exploraci\u00f3n de la l\u00edrica m\u00edstica y neom\u00edstica desde sus ra\u00edces cl\u00e1sicas hasta sus expresiones contempor\u00e1neas, entendiendo&hellip;","_links":{"self":[{"href":"https:\/\/www.campusdescriptura.com\/es\/wp-json\/wp\/v2\/curs\/6725"}],"collection":[{"href":"https:\/\/www.campusdescriptura.com\/es\/wp-json\/wp\/v2\/curs"}],"about":[{"href":"https:\/\/www.campusdescriptura.com\/es\/wp-json\/wp\/v2\/types\/curs"}],"wp:featuredmedia":[{"embeddable":true,"href":"https:\/\/www.campusdescriptura.com\/es\/wp-json\/wp\/v2\/media\/6724"}],"wp:attachment":[{"href":"https:\/\/www.campusdescriptura.com\/es\/wp-json\/wp\/v2\/media?parent=6725"}],"wp:term":[{"taxonomy":"dia","embeddable":true,"href":"https:\/\/www.campusdescriptura.com\/es\/wp-json\/wp\/v2\/dia?post=6725"},{"taxonomy":"duracio","embeddable":true,"href":"https:\/\/www.campusdescriptura.com\/es\/wp-json\/wp\/v2\/duracio?post=6725"},{"taxonomy":"format","embeddable":true,"href":"https:\/\/www.campusdescriptura.com\/es\/wp-json\/wp\/v2\/format?post=6725"},{"taxonomy":"idioma-exercicis","embeddable":true,"href":"https:\/\/www.campusdescriptura.com\/es\/wp-json\/wp\/v2\/idioma-exercicis?post=6725"},{"taxonomy":"idioma","embeddable":true,"href":"https:\/\/www.campusdescriptura.com\/es\/wp-json\/wp\/v2\/idioma?post=6725"},{"taxonomy":"mapa-de-curs","embeddable":true,"href":"https:\/\/www.campusdescriptura.com\/es\/wp-json\/wp\/v2\/mapa-de-curs?post=6725"},{"taxonomy":"tematica","embeddable":true,"href":"https:\/\/www.campusdescriptura.com\/es\/wp-json\/wp\/v2\/tematica?post=6725"},{"taxonomy":"area","embeddable":true,"href":"https:\/\/www.campusdescriptura.com\/es\/wp-json\/wp\/v2\/area?post=6725"}],"curies":[{"name":"wp","href":"https:\/\/api.w.org\/{rel}","templated":true}]}}

Curso Lux: poesía mística y neomística. De Santa Teresa de Jesús a Rosalía

<p><strong>El verso como iluminación</strong></p>

<p>La poesía mística se ha consolidado como un territorio donde palabra y experiencia espiritual se funden, un espacio en el que el lenguaje se convierte en vehículo de trascendencia y autoconocimiento. Este curso propone una exploración de la lírica mística y neomística desde sus raíces clásicas hasta sus expresiones contemporáneas, entendiendo el poema como puente entre la emoción, la meditación y la búsqueda de sentido. A partir de la lectura de referentes esenciales, desde Santa Teresa de Jesús a Rosalía, pasando por Gloria Gervitz, José Ángel Valente o Ernesto Cardenal, analizaremos los recursos expresivos y simbólicos que permiten construir una voz poética capaz de comunicar intensidad espiritual y emocional.  </p>

<p>El curso pondrá especial énfasis en la interconexión entre tradición y contemporaneidad, explorando cómo la mística clásica dialoga con la subjetividad moderna, con la música, la performance y la poesía conceptual o visual. Se revisarán autores de distintas épocas y latitudes, incluyendo figuras del barroco español, la poesía latinoamericana contemporánea y voces del ámbito neomístico europeo. </p>

<!-- This site is optimized with the Yoast SEO plugin v27.0 - https://yoast.com/product/yoast-seo-wordpress/ -->
<title>Escola d&#039;Escriptura de Ateneu Barcelonès</title>
<meta name="robots" content="index, follow, max-snippet:-1, max-image-preview:large, max-video-preview:-1" />
<link rel="canonical" href="/" />
<meta property="og:locale" content="es_ES" />
<meta property="og:type" content="article" />
<meta property="og:site_name" content="Escola d&#039;Escriptura de Ateneu Barcelonès" />
<meta name="twitter:card" content="summary_large_image" />
<script type="application/ld+json" class="yoast-schema-graph">{"@context":"https://schema.org","@graph":[{"@type":"CollectionPage","@id":null,"url":"","name":"","isPartOf":{"@id":"https://www.campusdescriptura.com/es/#website"},"breadcrumb":{"@id":"#breadcrumb"},"inLanguage":"es"},{"@type":"BreadcrumbList","@id":"#breadcrumb","itemListElement":[{"@type":"ListItem","position":1,"name":"Inici","item":"https://www.campusdescriptura.com/es/"},{"@type":"ListItem","position":2,"name":"Cursos","item":"https://www.campusdescriptura.com/cursos/"}]},{"@type":"WebSite","@id":"https://www.campusdescriptura.com/es/#website","url":"https://www.campusdescriptura.com/es/","name":"Escola d'escriptura","description":"Comença la teva història","potentialAction":[{"@type":"SearchAction","target":{"@type":"EntryPoint","urlTemplate":"https://www.campusdescriptura.com/es/?s={search_term_string}"},"query-input":{"@type":"PropertyValueSpecification","valueRequired":true,"valueName":"search_term_string"}}],"inLanguage":"es"}]}</script>
<!-- / Yoast SEO plugin. -->

Escola d&#039;Escriptura de Ateneu Barcelonès

Comença la teva història

Equipo de redacción

El verso como iluminación La poesía mística se ha consolidado como un territorio donde palabra y experiencia espiritual se funden, un espacio en el que el lenguaje se convierte en vehículo de trascendencia y autoconocimiento. Este curso propone una exploración de la lírica mística y neomística desde sus raíces clásicas hasta sus expresiones contemporáneas, entendiendo&hellip;
