{"id":6712,"date":"2025-12-10T16:55:47","date_gmt":"2025-12-10T15:55:47","guid":{"rendered":"https:\/\/www.campusdescriptura.com\/curs\/curso-de-la-pagina-a-la-pantalla-cine-y-literatura\/"},"modified":"2026-04-28T17:03:30","modified_gmt":"2026-04-28T15:03:30","slug":"curso-de-la-pagina-a-la-pantalla-cine-y-literatura","status":"publish","type":"curs","link":"https:\/\/www.campusdescriptura.com\/es\/curso\/curso-de-la-pagina-a-la-pantalla-cine-y-literatura\/","title":{"rendered":"Curso De la p\u00e1gina a la pantalla: cine y literatura"},"content":{"rendered":"\n<p class=\"has-medium-font-size\"><strong>Palabra e imagen: viaje entre dos mundos<\/strong><\/p>\n\n<p>\u00bfQu\u00e9 pasa cuando un relato escrito se transforma en obra cinematogr\u00e1fica? En este curso, exploraremos la relaci\u00f3n fascinante entre la literatura y el cine a trav\u00e9s de algunas de las adaptaciones m\u00e1s relevantes de relatos a la pantalla. Cada sesi\u00f3n estar\u00e1 dedicada al an\u00e1lisis y el debate de una pel\u00edcula inspirada en un texto literario.  <\/p>\n\n<p>Hemos seleccionado relatos y pel\u00edculas que ejemplifican maneras muy diversas de adaptar: desde las que son fidel\u00edsimas a la obra original hasta las que se toman m\u00e1s libertades creativas. La pel\u00edcula final nos permitir\u00e1 abordar la figura del escritor dentro del cine, cerrando el c\u00edrculo entre palabra e imagen. <\/p>\n\n<p>Un viaje apasionante desde las palabras hasta las im\u00e1genes para descubrir c\u00f3mo la magia de la literatura cobra vida en la pantalla. Un curso para quien siente pasi\u00f3n por la literatura y el cine y quiere entender los mecanismos que conectan estos dos mundos. <\/p>\n\n<p><\/p>\n","protected":false},"featured_media":2010,"menu_order":0,"template":"","format":[195],"meta":{"_acf_changed":false,"inline_featured_image":false,"_uag_custom_page_level_css":""},"dia":[205],"duracio":[243],"idioma-exercicis":[188,189],"idioma":[187],"mapa-de-curs":[200],"tematica":[204],"area":[203],"class_list":["post-6712","curs","type-curs","status-publish","has-post-thumbnail","hentry","dia-jueves","duracio-curso-intensivo-de-verano-2","format-cursos-por-zoom","idioma-exercicis-catalan","idioma-exercicis-castellano","idioma-castellano","mapa-de-curs-verano","tematica-humanidades","area-literatura-y-humanidades"],"acf":[],"yoast_head":"<!-- This site is optimized with the Yoast SEO plugin v27.0 - https:\/\/yoast.com\/product\/yoast-seo-wordpress\/ -->\n<title>Escola d&#039;Escriptura de Ateneu Barcelon\u00e8s<\/title>\n<meta name=\"robots\" content=\"index, follow, max-snippet:-1, max-image-preview:large, max-video-preview:-1\" \/>\n<link rel=\"canonical\" href=\"\/\" \/>\n<meta property=\"og:locale\" content=\"es_ES\" \/>\n<meta property=\"og:type\" content=\"article\" \/>\n<meta property=\"og:site_name\" content=\"Escola d&#039;Escriptura de Ateneu Barcelon\u00e8s\" \/>\n<meta name=\"twitter:card\" content=\"summary_large_image\" \/>\n<script type=\"application\/ld+json\" class=\"yoast-schema-graph\">{\"@context\":\"https:\/\/schema.org\",\"@graph\":[{\"@type\":\"CollectionPage\",\"@id\":null,\"url\":\"\",\"name\":\"\",\"isPartOf\":{\"@id\":\"https:\/\/www.campusdescriptura.com\/es\/#website\"},\"breadcrumb\":{\"@id\":\"#breadcrumb\"},\"inLanguage\":\"es\"},{\"@type\":\"BreadcrumbList\",\"@id\":\"#breadcrumb\",\"itemListElement\":[{\"@type\":\"ListItem\",\"position\":1,\"name\":\"Inici\",\"item\":\"https:\/\/www.campusdescriptura.com\/es\/\"},{\"@type\":\"ListItem\",\"position\":2,\"name\":\"Cursos\",\"item\":\"https:\/\/www.campusdescriptura.com\/cursos\/\"}]},{\"@type\":\"WebSite\",\"@id\":\"https:\/\/www.campusdescriptura.com\/es\/#website\",\"url\":\"https:\/\/www.campusdescriptura.com\/es\/\",\"name\":\"Escola d'escriptura\",\"description\":\"Comen\u00e7a la teva hist\u00f2ria\",\"potentialAction\":[{\"@type\":\"SearchAction\",\"target\":{\"@type\":\"EntryPoint\",\"urlTemplate\":\"https:\/\/www.campusdescriptura.com\/es\/?s={search_term_string}\"},\"query-input\":{\"@type\":\"PropertyValueSpecification\",\"valueRequired\":true,\"valueName\":\"search_term_string\"}}],\"inLanguage\":\"es\"}]}<\/script>\n<!-- \/ Yoast SEO plugin. -->","yoast_head_json":{"title":"Escola d&#039;Escriptura de Ateneu Barcelon\u00e8s","robots":{"index":"index","follow":"follow","max-snippet":"max-snippet:-1","max-image-preview":"max-image-preview:large","max-video-preview":"max-video-preview:-1"},"canonical":"\/","og_locale":"es_ES","og_type":"article","og_site_name":"Escola d&#039;Escriptura de Ateneu Barcelon\u00e8s","twitter_card":"summary_large_image","schema":{"@context":"https:\/\/schema.org","@graph":[{"@type":"CollectionPage","@id":null,"url":"","name":"","isPartOf":{"@id":"https:\/\/www.campusdescriptura.com\/es\/#website"},"breadcrumb":{"@id":"#breadcrumb"},"inLanguage":"es"},{"@type":"BreadcrumbList","@id":"#breadcrumb","itemListElement":[{"@type":"ListItem","position":1,"name":"Inici","item":"https:\/\/www.campusdescriptura.com\/es\/"},{"@type":"ListItem","position":2,"name":"Cursos","item":"https:\/\/www.campusdescriptura.com\/cursos\/"}]},{"@type":"WebSite","@id":"https:\/\/www.campusdescriptura.com\/es\/#website","url":"https:\/\/www.campusdescriptura.com\/es\/","name":"Escola d'escriptura","description":"Comen\u00e7a la teva hist\u00f2ria","potentialAction":[{"@type":"SearchAction","target":{"@type":"EntryPoint","urlTemplate":"https:\/\/www.campusdescriptura.com\/es\/?s={search_term_string}"},"query-input":{"@type":"PropertyValueSpecification","valueRequired":true,"valueName":"search_term_string"}}],"inLanguage":"es"}]}},"uagb_featured_image_src":{"full":["https:\/\/www.campusdescriptura.com\/wp-content\/uploads\/2025\/04\/de-la-pagina-a-la-pantalla.webp",700,389,false],"thumbnail":["https:\/\/www.campusdescriptura.com\/wp-content\/uploads\/2025\/04\/de-la-pagina-a-la-pantalla-150x150.jpg",150,150,true],"medium":["https:\/\/www.campusdescriptura.com\/wp-content\/uploads\/2025\/04\/de-la-pagina-a-la-pantalla-300x167.jpg",300,167,true],"medium_large":["https:\/\/www.campusdescriptura.com\/wp-content\/uploads\/2025\/04\/de-la-pagina-a-la-pantalla.webp",700,389,false],"large":["https:\/\/www.campusdescriptura.com\/wp-content\/uploads\/2025\/04\/de-la-pagina-a-la-pantalla.webp",700,389,false],"1536x1536":["https:\/\/www.campusdescriptura.com\/wp-content\/uploads\/2025\/04\/de-la-pagina-a-la-pantalla.webp",700,389,false],"2048x2048":["https:\/\/www.campusdescriptura.com\/wp-content\/uploads\/2025\/04\/de-la-pagina-a-la-pantalla.webp",700,389,false],"gform-image-choice-sm":["https:\/\/www.campusdescriptura.com\/wp-content\/uploads\/2025\/04\/de-la-pagina-a-la-pantalla.webp",300,167,false],"gform-image-choice-md":["https:\/\/www.campusdescriptura.com\/wp-content\/uploads\/2025\/04\/de-la-pagina-a-la-pantalla.webp",400,222,false],"gform-image-choice-lg":["https:\/\/www.campusdescriptura.com\/wp-content\/uploads\/2025\/04\/de-la-pagina-a-la-pantalla.webp",600,333,false],"woocommerce_thumbnail":["https:\/\/www.campusdescriptura.com\/wp-content\/uploads\/2025\/04\/de-la-pagina-a-la-pantalla-300x300.webp",300,300,true],"woocommerce_single":["https:\/\/www.campusdescriptura.com\/wp-content\/uploads\/2025\/04\/de-la-pagina-a-la-pantalla-600x333.webp",600,333,true],"woocommerce_gallery_thumbnail":["https:\/\/www.campusdescriptura.com\/wp-content\/uploads\/2025\/04\/de-la-pagina-a-la-pantalla-100x100.webp",100,100,true]},"uagb_author_info":{"display_name":"Equipo de redacci\u00f3n","author_link":"https:\/\/www.campusdescriptura.com\/es\/author\/"},"uagb_comment_info":0,"uagb_excerpt":"Palabra e imagen: viaje entre dos mundos \u00bfQu\u00e9 pasa cuando un relato escrito se transforma en obra cinematogr\u00e1fica? En este curso, exploraremos la relaci\u00f3n fascinante entre la literatura y el cine a trav\u00e9s de algunas de las adaptaciones m\u00e1s relevantes de relatos a la pantalla. Cada sesi\u00f3n estar\u00e1 dedicada al an\u00e1lisis y el debate de&hellip;","_links":{"self":[{"href":"https:\/\/www.campusdescriptura.com\/es\/wp-json\/wp\/v2\/curs\/6712"}],"collection":[{"href":"https:\/\/www.campusdescriptura.com\/es\/wp-json\/wp\/v2\/curs"}],"about":[{"href":"https:\/\/www.campusdescriptura.com\/es\/wp-json\/wp\/v2\/types\/curs"}],"wp:featuredmedia":[{"embeddable":true,"href":"https:\/\/www.campusdescriptura.com\/es\/wp-json\/wp\/v2\/media\/2010"}],"wp:attachment":[{"href":"https:\/\/www.campusdescriptura.com\/es\/wp-json\/wp\/v2\/media?parent=6712"}],"wp:term":[{"taxonomy":"dia","embeddable":true,"href":"https:\/\/www.campusdescriptura.com\/es\/wp-json\/wp\/v2\/dia?post=6712"},{"taxonomy":"duracio","embeddable":true,"href":"https:\/\/www.campusdescriptura.com\/es\/wp-json\/wp\/v2\/duracio?post=6712"},{"taxonomy":"format","embeddable":true,"href":"https:\/\/www.campusdescriptura.com\/es\/wp-json\/wp\/v2\/format?post=6712"},{"taxonomy":"idioma-exercicis","embeddable":true,"href":"https:\/\/www.campusdescriptura.com\/es\/wp-json\/wp\/v2\/idioma-exercicis?post=6712"},{"taxonomy":"idioma","embeddable":true,"href":"https:\/\/www.campusdescriptura.com\/es\/wp-json\/wp\/v2\/idioma?post=6712"},{"taxonomy":"mapa-de-curs","embeddable":true,"href":"https:\/\/www.campusdescriptura.com\/es\/wp-json\/wp\/v2\/mapa-de-curs?post=6712"},{"taxonomy":"tematica","embeddable":true,"href":"https:\/\/www.campusdescriptura.com\/es\/wp-json\/wp\/v2\/tematica?post=6712"},{"taxonomy":"area","embeddable":true,"href":"https:\/\/www.campusdescriptura.com\/es\/wp-json\/wp\/v2\/area?post=6712"}],"curies":[{"name":"wp","href":"https:\/\/api.w.org\/{rel}","templated":true}]}}

Curso De la página a la pantalla: cine y literatura

<p class="has-medium-font-size"><strong>Palabra e imagen: viaje entre dos mundos</strong></p>

<p>¿Qué pasa cuando un relato escrito se transforma en obra cinematográfica? En este curso, exploraremos la relación fascinante entre la literatura y el cine a través de algunas de las adaptaciones más relevantes de relatos a la pantalla. Cada sesión estará dedicada al análisis y el debate de una película inspirada en un texto literario.  </p>

<p>Hemos seleccionado relatos y películas que ejemplifican maneras muy diversas de adaptar: desde las que son fidelísimas a la obra original hasta las que se toman más libertades creativas. La película final nos permitirá abordar la figura del escritor dentro del cine, cerrando el círculo entre palabra e imagen. </p>

<p>Un viaje apasionante desde las palabras hasta las imágenes para descubrir cómo la magia de la literatura cobra vida en la pantalla. Un curso para quien siente pasión por la literatura y el cine y quiere entender los mecanismos que conectan estos dos mundos. </p>

<p></p>

<!-- This site is optimized with the Yoast SEO plugin v27.0 - https://yoast.com/product/yoast-seo-wordpress/ -->
<title>Escola d&#039;Escriptura de Ateneu Barcelonès</title>
<meta name="robots" content="index, follow, max-snippet:-1, max-image-preview:large, max-video-preview:-1" />
<link rel="canonical" href="/" />
<meta property="og:locale" content="es_ES" />
<meta property="og:type" content="article" />
<meta property="og:site_name" content="Escola d&#039;Escriptura de Ateneu Barcelonès" />
<meta name="twitter:card" content="summary_large_image" />
<script type="application/ld+json" class="yoast-schema-graph">{"@context":"https://schema.org","@graph":[{"@type":"CollectionPage","@id":null,"url":"","name":"","isPartOf":{"@id":"https://www.campusdescriptura.com/es/#website"},"breadcrumb":{"@id":"#breadcrumb"},"inLanguage":"es"},{"@type":"BreadcrumbList","@id":"#breadcrumb","itemListElement":[{"@type":"ListItem","position":1,"name":"Inici","item":"https://www.campusdescriptura.com/es/"},{"@type":"ListItem","position":2,"name":"Cursos","item":"https://www.campusdescriptura.com/cursos/"}]},{"@type":"WebSite","@id":"https://www.campusdescriptura.com/es/#website","url":"https://www.campusdescriptura.com/es/","name":"Escola d'escriptura","description":"Comença la teva història","potentialAction":[{"@type":"SearchAction","target":{"@type":"EntryPoint","urlTemplate":"https://www.campusdescriptura.com/es/?s={search_term_string}"},"query-input":{"@type":"PropertyValueSpecification","valueRequired":true,"valueName":"search_term_string"}}],"inLanguage":"es"}]}</script>
<!-- / Yoast SEO plugin. -->

Escola d&#039;Escriptura de Ateneu Barcelonès

Comença la teva història

Equipo de redacción

Palabra e imagen: viaje entre dos mundos ¿Qué pasa cuando un relato escrito se transforma en obra cinematográfica? En este curso, exploraremos la relación fascinante entre la literatura y el cine a través de algunas de las adaptaciones más relevantes de relatos a la pantalla. Cada sesión estará dedicada al análisis y el debate de&hellip;
